hat is the tens digit of 867537?
3
What is the units digit of 1377953?
3
What is the tens digit of 27027555?
5
What is the ten thousands digit of 12003867?
0
What is the ten thousands digit of 7958114?
5
What is the thousands digit of 1186840?
6
What is the units digit of 5410218?
8
What is the millions digit of 1109023?
1
What is the hundreds digit of 117960?
9
What is the thousands digit of 1269251?
9
What is the hundreds digit of 14284?
2
What is the tens digit of 112634?
3
What is the hundred thousands digit of 4264016?
2
What is the units digit of 510932?
2
What is the hundred thousands digit of 1332060?
3
What is the hundred thousands digit of 1225542?
2
What is the tens digit of 2252226?
2
What is the units digit of 1683472?
2
What is the thousands digit of 1319673?
9
What is the units digit of 7964561?
1
What is the units digit of 52402?
2
What is the units digit of 115039?
9
What is the units digit of 6021509?
9
What is the thousands digit of 286713?
6
What is the hundreds digit of 326734?
7
What is the ten thousands digit of 495493?
9
What is the tens digit of 232986?
8
What is the tens digit of 642806?
0
What is the millions digit of 5658919?
5
What is the ten millions digit of 25308174?
2
What is the units digit of 221653?
3
What is the hundred thousands digit of 183260?
1
What is the ten millions digit of 32416866?
3
What is the hundreds digit of 3818936?
9
What is the millions digit of 4264653?
4
What is the ten thousands digit of 265701?
6
What is the tens digit of 13789049?
4
What is the ten thousands digit of 1874213?
7
What is the tens digit of 4885421?
2
What is the hundreds digit of 413397?
3
What is the hundreds digit of 2904006?
0
What is the ten thousands digit of 3051409?
5
What is the hundred thousands digit of 434994?
4
What is the hundred thousands digit of 8889760?
8
What is the millions digit of 8469552?
8
What is the hundreds digit of 133013?
0
What is the ten thousands digit of 304137?
0
What is the hundred thousands digit of 1541227?
5
What is the thousands digit of 257917?
7
What is the hundred thousands digit of 8858900?
8
What is the ten thousands digit of 1235765?
3
What is the units digit of 2168501?
1
What is the thousands digit of 132432?
2
What is the hundred thousands digit of 550847?
5
What is the ten thousands digit of 1645024?
4
What is the hundred thousands digit of 955297?
9
What is the ten thousands digit of 2117038?
1
What is the hundreds digit of 703559?
5
What is the hundred thousands digit of 1480769?
4
What is the hundred thousands digit of 304543?
3
What is the thousands digit of 974042?
4
What is the units digit of 1410582?
2
What is the thousands digit of 412051?
2
What is the hundreds digit of 758304?
3
What is the ten thousands digit of 4088156?
8
What is the ten thousands digit of 2118147?
1
What is the hundred thousands digit of 285560?
2
What is the tens digit of 11340503?
0
What is the units digit of 21514011?
1
What is the millions digit of 2828070?
2
What is the hundreds digit of 10538070?
0
What is the millions digit of 5674680?
5
What is the tens digit of 2335020?
2
What is the tens digit of 153640?
4
What is the millions digit of 5732113?
5
What is the units digit of 2417305?
5
What is the tens digit of 4743826?
2
What is the ten millions digit of 10414991?
1
What is the ten thousands digit of 207692?
0
What is the tens digit of 49949?
4
What is the thousands digit of 1261261?
1
What is the ten thousands digit of 1466611?
6
What is the ten thousands digit of 7148393?
4
What is the thousands digit of 886729?
6
What is the millions digit of 4997720?
4
What is the hundreds digit of 515026?
0
What is the tens digit of 1628617?
1
What is the thousands digit of 549860?
9
What is the tens digit of 11682361?
6
What is the tens digit of 33987884?
8
What is the millions digit of 4117089?
4
What is the millions digit of 2796698?
2
What is the hundred thousands digit of 7325551?
3
What is the units digit of 23227611?
1
What is the hundred thousands digit of 9811295?
8
What is the thousands digit of 209467?
9
What is the tens digit of 3633269?
6
What is the hundreds digit of 127990?
9
What is the tens digit of 958620?
2
What is the thousands digit of 37871?
7
What is the millions digit of 3792381?
3
What is the hundreds digit of 9638688?
6
What is the millions digit of 6321243?
6
What is the ten thousands digit of 76109?
7
What is the ten thousands digit of 10354764?
5
What is the thousands digit of 9457912?
7
What is the hundreds digit of 4472815?
8
What is the ten thousands digit of 334762?
3
What is the tens digit of 403432?
3
What is the hundreds digit of 2026166?
1
What is the units digit of 2311507?
7
What is the hundred thousands digit of 13570465?
5
What is the thousands digit of 450185?
0
What is the ten thousands digit of 2631624?
3
What is the tens digit of 486722?
2
What is the ten millions digit of 21790251?
2
What is the hundreds digit of 6355697?
6
What is the units digit of 1007976?
6
What is the ten millions digit of 10829814?
1
What is the ten thousands digit of 16391946?
9
What is the hundreds digit of 15420558?
5
What is the tens digit of 4660973?
7
What is the ten thousands digit of 302842?
0
What is the hundreds digit of 40253?
2
What is the thousands digit of 388378?
8
What is the units digit of 12023882?
2
What is the hundreds digit of 464062?
0
What is the tens digit of 5967514?
1
What is the hundreds digit of 2711995?
9
What is the ten thousands digit of 8626226?
2
What is the tens digit of 1234279?
7
What is the hundred thousands digit of 5052722?
0
What is the units digit of 581828?
8
What is the millions digit of 33418700?
3
What is the units digit of 99217?
7
What is the hundred thousands digit of 582228?
5
What is the hundreds digit of 643503?
5
What is the ten thousands digit of 1704421?
0
What is the thousands digit of 305616?
5
What is the tens digit of 289914?
1
What is the units digit of 1154605?
5
What is the thousands digit of 1318?
1
What is the hundred thousands digit of 120073?
1
What is the thousands digit of 180065?
0
What is the units digit of 80672?
2
What is the hundred thousands digit of 510849?
5
What is the ten thousands digit of 279982?
7
What is the units digit of 7501221?
1
What is the tens digit of 509293?
9
What is the units digit of 276818?
8
What is the hundreds digit of 941787?
7
What is the hundred thousands digit of 574696?
5
What is the hundreds digit of 2720969?
9
What is the ten thousands digit of 20402895?
0
What is the ten thousands digit of 238764?
3
What is the units digit of 635243?
3
What is the thousands digit of 11140814?
0
What is the tens digit of 7325831?
3
What is the thousands digit of 1145838?
5
What is the units digit of 101492?
2
What is the millions digit of 1405820?
1
What is the millions digit of 4467665?
4
What is the hundreds digit of 12593905?
9
What is the hundreds digit of 6022979?
9
What is the ten thousands digit of 193182?
9
What is the tens digit of 63618?
1
What is the ten thousands digit of 158377?
5
What is the thousands digit of 5270134?
0
What is the hundred thousands digit of 213982?
2
What is the tens digit of 9890573?
7
What is the units digit of 248466?
6
What is the ten thousands digit of 887055?
8
What is the thousands digit of 289184?
9
What is the hundreds digit of 3575684?
6
What is the ten thousands digit of 11397208?
9
What is the ten thousands digit of 358378?
5
What is the tens digit of 17980?
8
What is the thousands digit of 181221?
1
What is the hundred thousands digit of 8704593?
7
What is the ten thousands digit of 651984?
5
What is the thousands digit of 868961?
8
What is the units digit of 501639?
9
What is the hundreds digit of 503935?
9
What is the ten thousands digit of 1456156?
5
What is the tens digit of 10481056?
5
What is the units digit of 22982016?
6
What is the tens digit of 2559205?
0
What is the ten thousands digit of 102623?
0
What is the tens digit of 550454?
5
What is the thousands digit of 334447?
4
What is the hundred thousands digit of 170374?
1
What is the thousands digit of 8446882?
6
What is the hundred thousands digit of 2406832?
4
What is the hundred thousands digit of 191305?
1
What is the thousands digit of 4144946?
4
What is the hundred thousands di